{"id":26,"date":"2025-10-10T14:47:24","date_gmt":"2025-10-10T12:47:24","guid":{"rendered":"https:\/\/depannage-tygroo-pneu.com\/index.php\/services\/"},"modified":"2025-11-17T17:20:43","modified_gmt":"2025-11-17T16:20:43","slug":"reparation-pneu-a-domicile","status":"publish","type":"page","link":"https:\/\/depannage-tygroo-pneu.com\/index.php\/reparation-pneu-a-domicile\/","title":{"rendered":"R\u00e9paration pneu \u00e0 domicile"},"content":{"rendered":"\t\t<div data-elementor-type=\"wp-page\" data-elementor-id=\"26\" class=\"elementor elementor-26\">\n\t\t\t\t<div class=\"elementor-element elementor-element-79337ab3 e-flex e-con-boxed e-con e-parent\" data-id=\"79337ab3\" data-element_type=\"container\" data-settings=\"{&quot;background_background&quot;:&quot;classic&quot;}\">\n\t\t\t\t\t<div class=\"e-con-inner\">\n\t\t\t\t<div class=\"elementor-element elementor-element-194f2976 elementor-widget elementor-widget-heading\" data-id=\"194f2976\" data-element_type=\"widget\" data-widget_type=\"heading.default\">\n\t\t\t\t\t<h1 class=\"elementor-heading-title elementor-size-default\">R\u00e9paration Pneu<\/h1>\t\t\t\t<\/div>\n\t\t\t\t<div class=\"elementor-element elementor-element-47d860d6 elementor-widget-divider--view-line elementor-widget elementor-widget-divider\" data-id=\"47d860d6\" data-element_type=\"widget\" data-widget_type=\"divider.default\">\n\t\t\t\t\t\t\t<div class=\"elementor-divider\">\n\t\t\t<span class=\"elementor-divider-separator\">\n\t\t\t\t\t\t<\/span>\n\t\t<\/div>\n\t\t\t\t\t\t<\/div>\n\t\t\t\t<div class=\"elementor-element elementor-element-647280b7 elementor-widget__width-initial elementor-widget-tablet__width-initial elementor-widget elementor-widget-heading\" data-id=\"647280b7\" data-element_type=\"widget\" data-widget_type=\"heading.default\">\n\t\t\t\t\t<h5 class=\"elementor-heading-title elementor-size-default\">Votre pneu est abim\u00e9 par un clou ou un trou sur sa bande de roulement ?<\/h5>\t\t\t\t<\/div>\n\t\t\t\t\t<\/div>\n\t\t\t\t<\/div>\n\t\t<div class=\"elementor-element elementor-element-9eb2564 e-flex e-con-boxed e-con e-parent\" data-id=\"9eb2564\" data-element_type=\"container\">\n\t\t\t\t\t<div class=\"e-con-inner\">\n\t\t<div class=\"elementor-element elementor-element-d476ac7 e-con-full e-flex e-con e-child\" data-id=\"d476ac7\" data-element_type=\"container\">\n\t\t\t\t<div class=\"elementor-element elementor-element-62b9e50a elementor-widget elementor-widget-heading\" data-id=\"62b9e50a\" data-element_type=\"widget\" data-widget_type=\"heading.default\">\n\t\t\t\t\t<h2 class=\"elementor-heading-title elementor-size-default\">Service r\u00e9paration<\/h2>\t\t\t\t<\/div>\n\t\t\t\t<div class=\"elementor-element elementor-element-4c0b81d elementor-widget elementor-widget-text-editor\" data-id=\"4c0b81d\" data-element_type=\"widget\" data-widget_type=\"text-editor.default\">\n\t\t\t\t\t\t\t\t\t<p>Un pneu crev\u00e9 ou endommag\u00e9 ? Pas besoin de vous d\u00e9placer ! Notre service de <strong data-start=\"300\" data-end=\"333\">r\u00e9paration de pneu en urgence<\/strong>intervient <strong data-start=\"345\" data-end=\"404\">directement sur le lieu o\u00f9 votre v\u00e9hicule est stationn\u00e9<\/strong> \u2013 \u00e0 domicile, sur votre lieu de travail ou m\u00eame sur le bord de la route.<\/p>\t\t\t\t\t\t\t\t<\/div>\n\t\t\t\t<div class=\"elementor-element elementor-element-dc650a3 elementor-widget elementor-widget-heading\" data-id=\"dc650a3\" data-element_type=\"widget\" data-widget_type=\"heading.default\">\n\t\t\t\t\t<h3 class=\"elementor-heading-title elementor-size-default\">R\u00e9paration de pneu \u00e0 domicile ou sur le lieu de stationnement<\/h3>\t\t\t\t<\/div>\n\t\t\t\t<div class=\"elementor-element elementor-element-606f116 elementor-widget elementor-widget-text-editor\" data-id=\"606f116\" data-element_type=\"widget\" data-widget_type=\"text-editor.default\">\n\t\t\t\t\t\t\t\t\t<p data-start=\"552\" data-end=\"817\">Notre \u00e9quipe se d\u00e9place <strong data-start=\"576\" data-end=\"584\">7j\/7<\/strong>, avec tout le mat\u00e9riel n\u00e9cessaire pour <strong data-start=\"624\" data-end=\"669\">r\u00e9parer ou remplacer votre pneu sur place<\/strong>. Plus besoin d\u2019attendre un d\u00e9panneur ou de chercher un garage ouvert : nous venons \u00e0 vous pour une intervention <strong data-start=\"782\" data-end=\"814\">rapide, fiable et \u00e9conomique<\/strong>.<\/p><p data-start=\"819\" data-end=\"1071\">Que votre voiture soit stationn\u00e9e dans un parking souterrain, une r\u00e9sidence priv\u00e9e ou sur la voie publique, nos techniciens sont form\u00e9s pour <strong data-start=\"960\" data-end=\"992\">travailler en toute s\u00e9curit\u00e9<\/strong> et <strong data-start=\"996\" data-end=\"1044\">r\u00e9tablir votre mobilit\u00e9 en moins d\u2019une heure<\/strong> dans la plupart des cas.<\/p><h3 data-start=\"1073\" data-end=\"1108\">\u00a0<\/h3>\t\t\t\t\t\t\t\t<\/div>\n\t\t\t\t<\/div>\n\t\t<div class=\"elementor-element elementor-element-ce2b800 e-con-full e-flex e-con e-child\" data-id=\"ce2b800\" data-element_type=\"container\">\n\t\t\t\t<div class=\"elementor-element elementor-element-c9a33d3 elementor-widget elementor-widget-image\" data-id=\"c9a33d3\" data-element_type=\"widget\" data-widget_type=\"image.default\">\n\t\t\t\t\t\t\t\t\t\t\t\t\t\t\t<img fetchpriority=\"high\" decoding=\"async\" width=\"796\" height=\"1024\" src=\"https:\/\/depannage-tygroo-pneu.com\/wp-content\/uploads\/2025\/10\/reparation-pneu-urgence-796x1024.jpg\" class=\"attachment-large size-large wp-image-168\" alt=\"urgence r\u00e9paration pneu\" srcset=\"https:\/\/depannage-tygroo-pneu.com\/wp-content\/uploads\/2025\/10\/reparation-pneu-urgence-796x1024.jpg 796w, https:\/\/depannage-tygroo-pneu.com\/wp-content\/uploads\/2025\/10\/reparation-pneu-urgence-233x300.jpg 233w, https:\/\/depannage-tygroo-pneu.com\/wp-content\/uploads\/2025\/10\/reparation-pneu-urgence-768x987.jpg 768w, https:\/\/depannage-tygroo-pneu.com\/wp-content\/uploads\/2025\/10\/reparation-pneu-urgence-1195x1536.jpg 1195w, https:\/\/depannage-tygroo-pneu.com\/wp-content\/uploads\/2025\/10\/reparation-pneu-urgence-1593x2048.jpg 1593w, https:\/\/depannage-tygroo-pneu.com\/wp-content\/uploads\/2025\/10\/reparation-pneu-urgence.jpg 1792w\" sizes=\"(max-width: 796px) 100vw, 796px\" \/>\t\t\t\t\t\t\t\t\t\t\t\t\t\t\t<\/div>\n\t\t\t\t<\/div>\n\t\t<div class=\"elementor-element elementor-element-30b3ed7 e-con-full e-flex e-con e-child\" data-id=\"30b3ed7\" data-element_type=\"container\">\n\t\t\t\t<div class=\"elementor-element elementor-element-b9ceb2e elementor-widget elementor-widget-image\" data-id=\"b9ceb2e\" data-element_type=\"widget\" data-widget_type=\"image.default\">\n\t\t\t\t\t\t\t\t\t\t\t\t\t\t\t<img decoding=\"async\" width=\"796\" height=\"1024\" src=\"https:\/\/depannage-tygroo-pneu.com\/wp-content\/uploads\/2025\/10\/urgence-pneu-changement-796x1024.png\" class=\"attachment-large size-large wp-image-124\" alt=\"d\u00e9pannage pneu ile de France\" srcset=\"https:\/\/depannage-tygroo-pneu.com\/wp-content\/uploads\/2025\/10\/urgence-pneu-changement-796x1024.png 796w, https:\/\/depannage-tygroo-pneu.com\/wp-content\/uploads\/2025\/10\/urgence-pneu-changement-233x300.png 233w, https:\/\/depannage-tygroo-pneu.com\/wp-content\/uploads\/2025\/10\/urgence-pneu-changement-768x988.png 768w, https:\/\/depannage-tygroo-pneu.com\/wp-content\/uploads\/2025\/10\/urgence-pneu-changement-1195x1536.png 1195w, https:\/\/depannage-tygroo-pneu.com\/wp-content\/uploads\/2025\/10\/urgence-pneu-changement.png 1200w\" sizes=\"(max-width: 796px) 100vw, 796px\" \/>\t\t\t\t\t\t\t\t\t\t\t\t\t\t\t<\/div>\n\t\t\t\t<\/div>\n\t\t<div class=\"elementor-element elementor-element-0587849 e-con-full e-flex e-con e-child\" data-id=\"0587849\" data-element_type=\"container\">\n\t\t\t\t<div class=\"elementor-element elementor-element-96b88d7 elementor-widget elementor-widget-heading\" data-id=\"96b88d7\" data-element_type=\"widget\" data-widget_type=\"heading.default\">\n\t\t\t\t\t<h3 class=\"elementor-heading-title elementor-size-default\">Nos prestations incluent :<\/h3>\t\t\t\t<\/div>\n\t\t\t\t<div class=\"elementor-element elementor-element-163d64b elementor-widget elementor-widget-text-editor\" data-id=\"163d64b\" data-element_type=\"widget\" data-widget_type=\"text-editor.default\">\n\t\t\t\t\t\t\t\t\t<ul><li data-start=\"1111\" data-end=\"1158\">Diagnostic complet du pneu crev\u00e9 ou endommag\u00e9<\/li><li data-start=\"1161\" data-end=\"1234\">R\u00e9paration ou remplacement sur place (si possible selon l\u2019\u00e9tat du pneu)<\/li><li data-start=\"1237\" data-end=\"1291\">Contr\u00f4le de la pression et \u00e9quilibrage si n\u00e9cessaire<\/li><li data-start=\"1294\" data-end=\"1351\">Conseils d\u2019entretien pour \u00e9viter une nouvelle crevaison<\/li><\/ul>\t\t\t\t\t\t\t\t<\/div>\n\t\t\t\t<\/div>\n\t\t\t\t\t<\/div>\n\t\t\t\t<\/div>\n\t\t<div class=\"elementor-element elementor-element-6060ce9 e-flex e-con-boxed e-con e-parent\" data-id=\"6060ce9\" data-element_type=\"container\">\n\t\t\t\t\t<div class=\"e-con-inner\">\n\t\t\t\t<div class=\"elementor-element elementor-element-13b9a0b elementor-widget elementor-widget-spacer\" data-id=\"13b9a0b\" data-element_type=\"widget\" data-widget_type=\"spacer.default\">\n\t\t\t\t\t\t\t<div class=\"elementor-spacer\">\n\t\t\t<div class=\"elementor-spacer-inner\"><\/div>\n\t\t<\/div>\n\t\t\t\t\t\t<\/div>\n\t\t\t\t\t<\/div>\n\t\t\t\t<\/div>\n\t\t<div class=\"elementor-element elementor-element-62e3bf2 e-flex e-con-boxed e-con e-parent\" data-id=\"62e3bf2\" data-element_type=\"container\" data-settings=\"{&quot;background_background&quot;:&quot;classic&quot;}\">\n\t\t\t\t\t<div class=\"e-con-inner\">\n\t\t<div class=\"elementor-element elementor-element-0cd3058 e-con-full e-flex e-con e-child\" data-id=\"0cd3058\" data-element_type=\"container\">\n\t\t\t\t<div class=\"elementor-element elementor-element-75b35e0 elementor-widget elementor-widget-counter\" data-id=\"75b35e0\" data-element_type=\"widget\" data-widget_type=\"counter.default\">\n\t\t\t\t\t\t\t<div class=\"elementor-counter\">\n\t\t\t<div class=\"elementor-counter-title\">de clients satisfaits<\/div>\t\t\t<div class=\"elementor-counter-number-wrapper\">\n\t\t\t\t<span class=\"elementor-counter-number-prefix\"><\/span>\n\t\t\t\t<span class=\"elementor-counter-number\" data-duration=\"2000\" data-to-value=\"100\" data-from-value=\"0\" data-delimiter=\",\">0<\/span>\n\t\t\t\t<span class=\"elementor-counter-number-suffix\">%<\/span>\n\t\t\t<\/div>\n\t\t<\/div>\n\t\t\t\t\t\t<\/div>\n\t\t\t\t<\/div>\n\t\t<div class=\"elementor-element elementor-element-b12cb3d e-con-full e-flex e-con e-child\" data-id=\"b12cb3d\" data-element_type=\"container\">\n\t\t\t\t<div class=\"elementor-element elementor-element-7463913 elementor-widget elementor-widget-heading\" data-id=\"7463913\" data-element_type=\"widget\" data-widget_type=\"heading.default\">\n\t\t\t\t\t<h3 class=\"elementor-heading-title elementor-size-default\">Pourquoi choisir notre service de r\u00e9paration de pneu en urgence ?<\/h3>\t\t\t\t<\/div>\n\t\t\t\t<div class=\"elementor-element elementor-element-e9c25dc elementor-widget elementor-widget-text-editor\" data-id=\"e9c25dc\" data-element_type=\"widget\" data-widget_type=\"text-editor.default\">\n\t\t\t\t\t\t\t\t\t<ul data-start=\"1428\" data-end=\"1641\"><li data-start=\"1428\" data-end=\"1473\"><p data-start=\"1430\" data-end=\"1473\">\u2705 Intervention sur place, sans remorquage<\/p><\/li><li data-start=\"1474\" data-end=\"1525\"><p data-start=\"1476\" data-end=\"1525\">\u23f1\ufe0f D\u00e9lai d\u2019intervention moyen : 30 \u00e0 45 minutes<\/p><\/li><li data-start=\"1526\" data-end=\"1569\"><p data-start=\"1528\" data-end=\"1569\">\ud83d\udcb0 Tarif transparent, sans frais cach\u00e9s<\/p><\/li><li data-start=\"1570\" data-end=\"1641\"><p data-start=\"1572\" data-end=\"1641\">\ud83d\udccd Intervention possible partout : domicile, bureau, parking, route<\/p><\/li><\/ul>\t\t\t\t\t\t\t\t<\/div>\n\t\t\t\t<\/div>\n\t\t\t\t\t<\/div>\n\t\t\t\t<\/div>\n\t\t<div class=\"elementor-element elementor-element-82f8131 e-flex e-con-boxed e-con e-parent\" data-id=\"82f8131\" data-element_type=\"container\" data-settings=\"{&quot;background_background&quot;:&quot;classic&quot;}\">\n\t\t\t\t\t<div class=\"e-con-inner\">\n\t\t\t\t<div class=\"elementor-element elementor-element-b32ebab elementor-widget elementor-widget-spacer\" data-id=\"b32ebab\" data-element_type=\"widget\" data-widget_type=\"spacer.default\">\n\t\t\t\t\t\t\t<div class=\"elementor-spacer\">\n\t\t\t<div class=\"elementor-spacer-inner\"><\/div>\n\t\t<\/div>\n\t\t\t\t\t\t<\/div>\n\t\t\t\t<div class=\"elementor-element elementor-element-9a913d2 elementor-widget elementor-widget-heading\" data-id=\"9a913d2\" data-element_type=\"widget\" data-widget_type=\"heading.default\">\n\t\t\t\t\t<h2 class=\"elementor-heading-title elementor-size-default\">Zones d'intervention<\/h2>\t\t\t\t<\/div>\n\t\t\t\t<div class=\"elementor-element elementor-element-396b322 elementor-widget elementor-widget-spacer\" data-id=\"396b322\" data-element_type=\"widget\" data-widget_type=\"spacer.default\">\n\t\t\t\t\t\t\t<div class=\"elementor-spacer\">\n\t\t\t<div class=\"elementor-spacer-inner\"><\/div>\n\t\t<\/div>\n\t\t\t\t\t\t<\/div>\n\t\t\t\t\t<\/div>\n\t\t\t\t<\/div>\n\t\t<div class=\"elementor-element elementor-element-36c2b6f e-con-full e-flex e-con e-parent\" data-id=\"36c2b6f\" data-element_type=\"container\">\n\t\t\t\t<div class=\"elementor-element elementor-element-3c87fc5 elementor-widget elementor-widget-shortcode\" data-id=\"3c87fc5\" data-element_type=\"widget\" data-widget_type=\"shortcode.default\">\n\t\t\t\t\t\t\t<div class=\"elementor-shortcode\"><div id=\"wpgmza_map_1\" class=\"wpgmza_map wpgmza-auto-left\" style=\"display:block;width:100%;height:400px;overflow:hidden;position:relative;\" data-map-id=\"1\" data-maps-engine=\"leaflet-zerocost\" data-build-engine=\"atlas-novus\" data-shortcode-attributes=\"{&quot;id&quot;:&quot;1&quot;,&quot;zoom&quot;:false,&quot;width&quot;:false,&quot;height&quot;:false,&quot;marker&quot;:false,&quot;classname&quot;:false}\" data-settings=\"{&quot;map_title&quot;:&quot;Zones d&#039;intervention&quot;,&quot;map_width&quot;:&quot;100&quot;,&quot;map_height&quot;:&quot;400&quot;,&quot;map_start_lat&quot;:&quot;48.894292519017405&quot;,&quot;map_start_lng&quot;:&quot;2.351075016646669&quot;,&quot;map_start_location&quot;:&quot;45.950464398418106,-109.81550500000003&quot;,&quot;map_start_zoom&quot;:&quot;11&quot;,&quot;default_marker&quot;:&quot;&quot;,&quot;type&quot;:&quot;0&quot;,&quot;alignment&quot;:&quot;4&quot;,&quot;directions_enabled&quot;:&quot;0&quot;,&quot;styling_enabled&quot;:&quot;0&quot;,&quot;styling_json&quot;:&quot;&quot;,&quot;active&quot;:&quot;0&quot;,&quot;kml&quot;:&quot;&quot;,&quot;bicycle&quot;:&quot;0&quot;,&quot;traffic&quot;:&quot;0&quot;,&quot;dbox&quot;:&quot;0&quot;,&quot;dbox_width&quot;:&quot;&quot;,&quot;listmarkers&quot;:&quot;0&quot;,&quot;listmarkers_advanced&quot;:&quot;0&quot;,&quot;filterbycat&quot;:&quot;0&quot;,&quot;ugm_enabled&quot;:&quot;0&quot;,&quot;ugm_category_enabled&quot;:&quot;0&quot;,&quot;fusion&quot;:&quot;&quot;,&quot;map_width_type&quot;:&quot;%&quot;,&quot;map_height_type&quot;:&quot;px&quot;,&quot;mass_marker_support&quot;:&quot;0&quot;,&quot;ugm_access&quot;:&quot;0&quot;,&quot;order_markers_by&quot;:&quot;0&quot;,&quot;order_markers_choice&quot;:&quot;0&quot;,&quot;show_user_location&quot;:&quot;0&quot;,&quot;default_to&quot;:&quot;&quot;,&quot;map_type&quot;:1,&quot;sl_stroke_color&quot;:&quot;&quot;,&quot;sl_fill_color&quot;:&quot;&quot;,&quot;sl_stroke_opacity&quot;:&quot;&quot;,&quot;sl_fill_opacity&quot;:&quot;&quot;,&quot;transport_layer&quot;:null,&quot;action&quot;:&quot;wpgmza_save_map&quot;,&quot;redirect_to&quot;:&quot;\\\/wp-admin\\\/admin-post.php&quot;,&quot;map_id&quot;:&quot;1&quot;,&quot;wpgmza_savemap&quot;:&quot;Enregistrer la carte&quot;,&quot;http_referer&quot;:&quot;\\\/wp-admin\\\/admin.php?page=wp-google-maps-menu&amp;amp;action=edit&amp;amp;map_id=1&quot;,&quot;wpgmza_id&quot;:&quot;1&quot;,&quot;wpgmza_start_location&quot;:&quot;48.894292519017405,2.351075016646669&quot;,&quot;wpgmza_start_zoom&quot;:&quot;11&quot;,&quot;wpgmza_map_align&quot;:&quot;1&quot;,&quot;store_locator_enabled&quot;:false,&quot;store_locator_distance&quot;:false,&quot;store_locator_search_area&quot;:&quot;radial&quot;,&quot;wpgmza_store_locator_default_radius&quot;:&quot;10&quot;,&quot;store_locator_auto_area_max_zoom&quot;:&quot;&quot;,&quot;wpgmza_store_locator_radius_style&quot;:&quot;legacy&quot;,&quot;store_locator_component_anchor&quot;:&quot;0&quot;,&quot;store_locator_button_style&quot;:&quot;&quot;,&quot;wpgmza_store_locator_bounce&quot;:false,&quot;wpgmza_sl_animation&quot;:null,&quot;store_locator_query_string&quot;:&quot;&quot;,&quot;store_locator_location_placeholder&quot;:&quot;&quot;,&quot;store_locator_default_address&quot;:&quot;&quot;,&quot;store_locator_name_search&quot;:false,&quot;store_locator_name_string&quot;:&quot;&quot;,&quot;store_locator_not_found_message&quot;:&quot;&quot;,&quot;store_locator_show_distance&quot;:false,&quot;store_locator_category&quot;:false,&quot;wpgmza_store_locator_use_their_location&quot;:false,&quot;wpgmza_store_locator_hide_before_search&quot;:false,&quot;store_locator_nearby_searches&quot;:false,&quot;wpgmza_leaflet_tile_filter&quot;:&quot;none&quot;,&quot;wpgmza_theme_data&quot;:&quot;&quot;,&quot;custom_tile_enabled&quot;:false,&quot;custom_tile_image&quot;:&quot;&quot;,&quot;custom_tile_image_width&quot;:&quot;&quot;,&quot;custom_tile_image_height&quot;:&quot;&quot;,&quot;custom_tile_image_attribution&quot;:&quot;&quot;,&quot;iw_anchor_panel_card&quot;:null,&quot;iw_primary_color&quot;:&quot;#000000&quot;,&quot;iw_accent_color&quot;:&quot;#000000&quot;,&quot;iw_text_color&quot;:&quot;#000000&quot;,&quot;close_infowindow_on_map_click&quot;:false,&quot;marker_share_links&quot;:false,&quot;wpgmza_listmarkers_by&quot;:&quot;0&quot;,&quot;marker_listing_component_anchor&quot;:null,&quot;marker_listing_component_auto_open&quot;:false,&quot;marker_listing_nudge_marker_center&quot;:false,&quot;marker_listing_nudge_x&quot;:&quot;&quot;,&quot;marker_listing_nudge_y&quot;:&quot;&quot;,&quot;category_filter_component_anchor&quot;:null,&quot;category_filter_label_string&quot;:&quot;&quot;,&quot;zoom_level_on_marker_listing_override&quot;:false,&quot;zoom_level_on_marker_listing_click&quot;:&quot;&quot;,&quot;marker_listing_disable_zoom&quot;:false,&quot;dataTable_pagination_style&quot;:null,&quot;datatable_no_result_message&quot;:&quot;&quot;,&quot;remove_search_box_datables&quot;:false,&quot;datatable_search_string&quot;:&quot;&quot;,&quot;datatable_result_start&quot;:&quot;&quot;,&quot;datatable_result_of&quot;:&quot;&quot;,&quot;datatable_result_to&quot;:&quot;&quot;,&quot;datatable_result_total&quot;:&quot;&quot;,&quot;datatable_result_show&quot;:&quot;&quot;,&quot;datatable_result_entries&quot;:&quot;&quot;,&quot;category_legends_enabled&quot;:false,&quot;category_legends_component_anchor&quot;:null,&quot;category_legends_style&quot;:null,&quot;category_legends_label_string&quot;:&quot;&quot;,&quot;jump_to_nearest_marker_on_initialization&quot;:false,&quot;click_open_link&quot;:false,&quot;wpgmza_zoom_on_marker_click&quot;:false,&quot;wpgmza_zoom_on_marker_click_slider&quot;:&quot;&quot;,&quot;enable_marker_labels&quot;:false,&quot;polygon_labels&quot;:false,&quot;disable_polygon_info_windows&quot;:false,&quot;shape_filtering&quot;:false,&quot;fit_maps_bounds_to_markers&quot;:false,&quot;fit_maps_bounds_to_markers_after_filtering&quot;:false,&quot;restrict_map_bounds&quot;:false,&quot;restrict_boundary_corner_a&quot;:&quot;&quot;,&quot;restrict_boundary_corner_b&quot;:&quot;&quot;,&quot;automatically_pan_to_users_location&quot;:false,&quot;enable_user_location_control&quot;:false,&quot;override_users_location_zoom_level&quot;:false,&quot;override_users_location_zoom_levels&quot;:&quot;&quot;,&quot;show_distance_from_location&quot;:false,&quot;map_starts_in_streetview&quot;:false,&quot;map_starts_in_streetview_location&quot;:&quot;&quot;,&quot;map_starts_in_streetview_heading&quot;:&quot;&quot;,&quot;map_starts_in_streetview_pitch&quot;:&quot;&quot;,&quot;map_max_zoom&quot;:&quot;21&quot;,&quot;map_min_zoom&quot;:&quot;0&quot;,&quot;disable_lightbox_images&quot;:false,&quot;use_Raw_Jpeg_Coordinates&quot;:false,&quot;enable_marker_ratings&quot;:false,&quot;enable_map_reset_control&quot;:false,&quot;zoom_level_mobile_override_enabled&quot;:false,&quot;zoom_level_mobile_override&quot;:&quot;&quot;,&quot;map_dimensions_mobile_override_enabled&quot;:false,&quot;map_mobile_width&quot;:&quot;100&quot;,&quot;map_mobile_width_type&quot;:&quot;%&quot;,&quot;map_mobile_height&quot;:&quot;200&quot;,&quot;map_mobile_height_type&quot;:&quot;px&quot;,&quot;lazyload_info_window_content&quot;:false,&quot;only_load_markers_within_viewport&quot;:false,&quot;id&quot;:1}\" ><\/div><\/div>\n\t\t\t\t\t\t<\/div>\n\t\t\t\t<\/div>\n\t\t\t\t<\/div>\n\t\t","protected":false},"excerpt":{"rendered":"<p>R\u00e9paration Pneu Votre pneu est abim\u00e9 par un clou ou un trou sur sa bande de roulement ? Service r\u00e9paration Un pneu crev\u00e9 ou endommag\u00e9 ? Pas besoin de vous d\u00e9placer ! Notre service de r\u00e9paration de pneu en urgenceintervient directement sur le lieu o\u00f9 votre v\u00e9hicule est stationn\u00e9 \u2013 \u00e0 domicile, sur votre lieu [&hellip;]<\/p>\n","protected":false},"author":1,"featured_media":168,"parent":0,"menu_order":0,"comment_status":"closed","ping_status":"closed","template":"elementor_header_footer","meta":{"footnotes":""},"class_list":["post-26","page","type-page","status-publish","has-post-thumbnail","hentry"],"_links":{"self":[{"href":"https:\/\/depannage-tygroo-pneu.com\/index.php\/wp-json\/wp\/v2\/pages\/26","targetHints":{"allow":["GET"]}}],"collection":[{"href":"https:\/\/depannage-tygroo-pneu.com\/index.php\/wp-json\/wp\/v2\/pages"}],"about":[{"href":"https:\/\/depannage-tygroo-pneu.com\/index.php\/wp-json\/wp\/v2\/types\/page"}],"author":[{"embeddable":true,"href":"https:\/\/depannage-tygroo-pneu.com\/index.php\/wp-json\/wp\/v2\/users\/1"}],"replies":[{"embeddable":true,"href":"https:\/\/depannage-tygroo-pneu.com\/index.php\/wp-json\/wp\/v2\/comments?post=26"}],"version-history":[{"count":30,"href":"https:\/\/depannage-tygroo-pneu.com\/index.php\/wp-json\/wp\/v2\/pages\/26\/revisions"}],"predecessor-version":[{"id":405,"href":"https:\/\/depannage-tygroo-pneu.com\/index.php\/wp-json\/wp\/v2\/pages\/26\/revisions\/405"}],"wp:featuredmedia":[{"embeddable":true,"href":"https:\/\/depannage-tygroo-pneu.com\/index.php\/wp-json\/wp\/v2\/media\/168"}],"wp:attachment":[{"href":"https:\/\/depannage-tygroo-pneu.com\/index.php\/wp-json\/wp\/v2\/media?parent=26"}],"curies":[{"name":"wp","href":"https:\/\/api.w.org\/{rel}","templated":true}]}}